{"id":163,"date":"2025-03-21T15:57:57","date_gmt":"2025-03-21T13:57:57","guid":{"rendered":"https:\/\/www.blues-wine.ch\/?page_id=163"},"modified":"2025-05-29T11:38:17","modified_gmt":"2025-05-29T09:38:17","slug":"sponsoren","status":"publish","type":"page","link":"https:\/\/www.blues-wine.ch\/?page_id=163","title":{"rendered":"Sponsoren &#038; G\u00f6nner"},"content":{"rendered":"\n<p>Wir m\u00f6chten uns von Herzen bei all unseren tollen Sponsoren bedanken, die uns den wundersch\u00f6nen Event erm\u00f6glichen! <\/p>\n\n\n\n<figure class=\"wp-block-image size-large is-resized\"><img loading=\"lazy\" decoding=\"async\" width=\"1024\" height=\"207\" src=\"https:\/\/www.blues-wine.ch\/wp-content\/uploads\/2025\/03\/logo_gkb_de-1024x207.png\" alt=\"\" class=\"wp-image-164\" style=\"width:auto;height:100px\" srcset=\"https:\/\/www.blues-wine.ch\/wp-content\/uploads\/2025\/03\/logo_gkb_de-1024x207.png 1024w, https:\/\/www.blues-wine.ch\/wp-content\/uploads\/2025\/03\/logo_gkb_de-300x61.png 300w, https:\/\/www.blues-wine.ch\/wp-content\/uploads\/2025\/03\/logo_gkb_de-768x155.png 768w, https:\/\/www.blues-wine.ch\/wp-content\/uploads\/2025\/03\/logo_gkb_de.png 1222w\" sizes=\"auto, (max-width: 1024px) 100vw, 1024px\" \/><\/figure>\n\n\n\n<p><a href=\"https:\/\/www.gkb.ch\">https:\/\/www.gkb.ch<\/a><br><\/p>\n\n\n\n<figure class=\"wp-block-image size-large is-resized\"><img loading=\"lazy\" decoding=\"async\" width=\"1024\" height=\"206\" src=\"https:\/\/www.blues-wine.ch\/wp-content\/uploads\/2025\/03\/INFICON-LOGO-2-C-RGB-1024x206.jpg\" alt=\"\" class=\"wp-image-165\" style=\"width:auto;height:100px\" srcset=\"https:\/\/www.blues-wine.ch\/wp-content\/uploads\/2025\/03\/INFICON-LOGO-2-C-RGB-1024x206.jpg 1024w, https:\/\/www.blues-wine.ch\/wp-content\/uploads\/2025\/03\/INFICON-LOGO-2-C-RGB-300x60.jpg 300w, https:\/\/www.blues-wine.ch\/wp-content\/uploads\/2025\/03\/INFICON-LOGO-2-C-RGB-768x155.jpg 768w, https:\/\/www.blues-wine.ch\/wp-content\/uploads\/2025\/03\/INFICON-LOGO-2-C-RGB-1536x309.jpg 1536w, https:\/\/www.blues-wine.ch\/wp-content\/uploads\/2025\/03\/INFICON-LOGO-2-C-RGB-2048x412.jpg 2048w\" sizes=\"auto, (max-width: 1024px) 100vw, 1024px\" \/><\/figure>\n\n\n\n<p><a href=\"https:\/\/www.inficon.com\">https:\/\/www.inficon.com<\/a><br><\/p>\n\n\n\n<figure class=\"wp-block-image size-full is-resized\"><img loading=\"lazy\" decoding=\"async\" width=\"901\" height=\"276\" src=\"https:\/\/www.blues-wine.ch\/wp-content\/uploads\/2025\/03\/image-2.png\" alt=\"\" class=\"wp-image-169\" style=\"width:auto;height:150px\" srcset=\"https:\/\/www.blues-wine.ch\/wp-content\/uploads\/2025\/03\/image-2.png 901w, https:\/\/www.blues-wine.ch\/wp-content\/uploads\/2025\/03\/image-2-300x92.png 300w, https:\/\/www.blues-wine.ch\/wp-content\/uploads\/2025\/03\/image-2-768x235.png 768w\" sizes=\"auto, (max-width: 901px) 100vw, 901px\" \/><\/figure>\n\n\n\n<p><a href=\"https:\/\/www.maienfeld.ch\/\">https:\/\/www.maienfeld.ch\/<\/a><br><\/p>\n\n\n\n<figure class=\"wp-block-image size-large is-resized\"><img loading=\"lazy\" decoding=\"async\" width=\"1024\" height=\"177\" src=\"https:\/\/www.blues-wine.ch\/wp-content\/uploads\/2025\/03\/VAT_Logo_Tagline_Horizontal_RGB_Green-1-1024x177.png\" alt=\"\" class=\"wp-image-168\" style=\"width:auto;height:100px\" srcset=\"https:\/\/www.blues-wine.ch\/wp-content\/uploads\/2025\/03\/VAT_Logo_Tagline_Horizontal_RGB_Green-1-1024x177.png 1024w, https:\/\/www.blues-wine.ch\/wp-content\/uploads\/2025\/03\/VAT_Logo_Tagline_Horizontal_RGB_Green-1-300x52.png 300w, https:\/\/www.blues-wine.ch\/wp-content\/uploads\/2025\/03\/VAT_Logo_Tagline_Horizontal_RGB_Green-1-768x133.png 768w, https:\/\/www.blues-wine.ch\/wp-content\/uploads\/2025\/03\/VAT_Logo_Tagline_Horizontal_RGB_Green-1-1536x266.png 1536w, https:\/\/www.blues-wine.ch\/wp-content\/uploads\/2025\/03\/VAT_Logo_Tagline_Horizontal_RGB_Green-1-2048x355.png 2048w\" sizes=\"auto, (max-width: 1024px) 100vw, 1024px\" \/><\/figure>\n\n\n\n<p><a href=\"https:\/\/www.vatgroup.com\">https:\/\/www.vatgroup.com<\/a><br><\/p>\n\n\n\n<figure class=\"wp-block-image size-large is-resized\"><img loading=\"lazy\" decoding=\"async\" width=\"1024\" height=\"287\" src=\"https:\/\/www.blues-wine.ch\/wp-content\/uploads\/2025\/03\/image-1-1024x287.png\" alt=\"\" class=\"wp-image-167\" style=\"width:auto;height:150px\" srcset=\"https:\/\/www.blues-wine.ch\/wp-content\/uploads\/2025\/03\/image-1-1024x287.png 1024w, https:\/\/www.blues-wine.ch\/wp-content\/uploads\/2025\/03\/image-1-300x84.png 300w, https:\/\/www.blues-wine.ch\/wp-content\/uploads\/2025\/03\/image-1-768x215.png 768w, https:\/\/www.blues-wine.ch\/wp-content\/uploads\/2025\/03\/image-1.png 1027w\" sizes=\"auto, (max-width: 1024px) 100vw, 1024px\" \/><\/figure>\n\n\n\n<p><a href=\"https:\/\/www.zindel-united.swiss\/\" data-type=\"link\" data-id=\"https:\/\/www.zindel-united.swiss\/\">https:\/\/www.zindel-united.swiss\/<\/a><\/p>\n\n\n\n<p><\/p>\n\n\n\n<p>&#8212;&#8212;&#8212;&#8212;&#8212;&#8212;&#8212;&#8212;&#8212;&#8212;&#8212;&#8212;&#8212;&#8212;&#8212;&#8212;&#8212;&#8212;&#8212;&#8212;&#8212;&#8212;&#8212;&#8212;&#8212;&#8212;&#8212;&#8212;&#8212;&#8212;&#8212;&#8212;<\/p>\n\n\n\n<p><\/p>\n\n\n\n<h2 class=\"wp-block-heading\">G\u00f6nner<\/h2>\n\n\n\n<p>Ebenfalls m\u00f6chten wir uns vielmals bei unseren G\u00f6nnern bedanken!<\/p>\n\n\n\n<figure class=\"wp-block-image size-full\"><img loading=\"lazy\" decoding=\"async\" width=\"345\" height=\"113\" src=\"https:\/\/www.blues-wine.ch\/wp-content\/uploads\/2025\/05\/image-2.png\" alt=\"\" class=\"wp-image-196\" srcset=\"https:\/\/www.blues-wine.ch\/wp-content\/uploads\/2025\/05\/image-2.png 345w, https:\/\/www.blues-wine.ch\/wp-content\/uploads\/2025\/05\/image-2-300x98.png 300w\" sizes=\"auto, (max-width: 345px) 100vw, 345px\" \/><\/figure>\n\n\n\n<p>https:\/\/www.centronix.ch<\/p>\n\n\n\n<figure class=\"wp-block-image size-large is-resized\"><img loading=\"lazy\" decoding=\"async\" width=\"1024\" height=\"580\" src=\"https:\/\/www.blues-wine.ch\/wp-content\/uploads\/2025\/05\/image-1-1024x580.png\" alt=\"\" class=\"wp-image-194\" style=\"width:337px;height:auto\" srcset=\"https:\/\/www.blues-wine.ch\/wp-content\/uploads\/2025\/05\/image-1-1024x580.png 1024w, https:\/\/www.blues-wine.ch\/wp-content\/uploads\/2025\/05\/image-1-300x170.png 300w, https:\/\/www.blues-wine.ch\/wp-content\/uploads\/2025\/05\/image-1-768x435.png 768w, https:\/\/www.blues-wine.ch\/wp-content\/uploads\/2025\/05\/image-1.png 1493w\" sizes=\"auto, (max-width: 1024px) 100vw, 1024px\" \/><\/figure>\n\n\n\n<p><a href=\"https:\/\/www.mobiliar.ch\/\">https:\/\/www.mobiliar.ch\/<\/a><br><\/p>\n","protected":false},"excerpt":{"rendered":"<p>Wir m\u00f6chten uns von Herzen bei all unseren tollen Sponsoren bedanken, die uns den wundersch\u00f6nen Event erm\u00f6glichen! https:\/\/www.gkb.ch https:\/\/www.inficon.com https:\/\/www.maienfeld.ch\/ https:\/\/www.vatgroup.com https:\/\/www.zindel-united.swiss\/ &#8212;&#8212;&#8212;&#8212;&#8212;&#8212;&#8212;&#8212;&#8212;&#8212;&#8212;&#8212;&#8212;&#8212;&#8212;&#8212;&#8212;&#8212;&#8212;&#8212;&#8212;&#8212;&#8212;&#8212;&#8212;&#8212;&#8212;&#8212;&#8212;&#8212;&#8212;&#8212; G\u00f6nner Ebenfalls m\u00f6chten wir uns vielmals bei [&hellip;]<\/p>\n","protected":false},"author":1,"featured_media":0,"parent":0,"menu_order":0,"comment_status":"closed","ping_status":"closed","template":"","meta":{"footnotes":""},"class_list":["post-163","page","type-page","status-publish","hentry"],"_links":{"self":[{"href":"https:\/\/www.blues-wine.ch\/index.php?rest_route=\/wp\/v2\/pages\/163","targetHints":{"allow":["GET"]}}],"collection":[{"href":"https:\/\/www.blues-wine.ch\/index.php?rest_route=\/wp\/v2\/pages"}],"about":[{"href":"https:\/\/www.blues-wine.ch\/index.php?rest_route=\/wp\/v2\/types\/page"}],"author":[{"embeddable":true,"href":"https:\/\/www.blues-wine.ch\/index.php?rest_route=\/wp\/v2\/users\/1"}],"replies":[{"embeddable":true,"href":"https:\/\/www.blues-wine.ch\/index.php?rest_route=%2Fwp%2Fv2%2Fcomments&post=163"}],"version-history":[{"count":7,"href":"https:\/\/www.blues-wine.ch\/index.php?rest_route=\/wp\/v2\/pages\/163\/revisions"}],"predecessor-version":[{"id":199,"href":"https:\/\/www.blues-wine.ch\/index.php?rest_route=\/wp\/v2\/pages\/163\/revisions\/199"}],"wp:attachment":[{"href":"https:\/\/www.blues-wine.ch\/index.php?rest_route=%2Fwp%2Fv2%2Fmedia&parent=163"}],"curies":[{"name":"wp","href":"https:\/\/api.w.org\/{rel}","templated":true}]}}